- g/5?
3
Suppose 3*t = t + 4. Suppose -t*d - 3*d = -4*a + 17, -2*a + 9 = -3*d. What is the units digit of (d - -7)/(2 + -1)?
6
Suppose -4*n + 0*j = 3*j + 32, -5*j - 40 = 5*n. Let v(r) = -r**2 - 10*r - 2. What is the tens digit of v(n)?
1
Let m(b) = -6*b - 3. Let i be m(-5). Let x = 44 - i. What is the tens digit of (0 - (-4 + 3))*x?
1
Let b(s) = s + 10*s**3 + 0 + 0 - 1 + s**2. What is the tens digit of b(1)?
1
Suppose -4*y - g + 14 = 0, -3*g = 3*y + g - 17. Let v(m) = 3*m**2 + 1 + 5*m + 0*m - y*m - m**2. What is the units digit of v(-2)?
5
Suppose 4*v - 2 = -l, 0 = 2*l - 0*l + 5*v - 1. Let h be l/6 + 26/(-3). Let r = -3 - h. What is the units digit of r?
6
Suppose 0*z - 3*z = 18. Let f = 6 + -4. What is the units digit of (-45)/z + 1/f?
8
Let a(c) = -c - 6. Let x be a(-4). Let r be (x + 2 + -2)/(-1). Suppose -22 = -2*l - r. What is the units digit of l?
0
Suppose -k + 176 = 5*f - 92, 4*f - 3*k = 203. What is the tens digit of f?
5
Let n = 9 - 6. Let c(q) be the second derivative of q**4/12 + q**2/2 - q. What is the tens digit of c(n)?
1
Let y be 1*(2 + -1 - -4). Suppose 2*g + 3 + y = 2*c, -4*c + g = -19. Suppose -3*b = -5*q - 45, -c*b - 5*q = -2*b - 15. What is the units digit of b?
0
Suppose -25 = -0*m - 5*m. Let y = 10 - m. Suppose 0 = 5*z - 2*l - 36, -2*z + y*l + 5 = -1. What is the units digit of z?
8
Let j(f) = 3*f - 10. Let k(u) = u + 2. Let l be k(5). What is the tens digit of j(l)?
1
Let m(q) = 3*q**2 + 2*q**2 + 0*q**2 - 1 - q. Let z be m(-1). Suppose -z = -c - 4*c. What is the units digit of c?
1
Let s = -11 - -22. Let h = s - 8. Suppose 0*i + 5*u + 11 = 3*i, -46 = -h*i - 2*u. What is the units digit of i?
2
Suppose 5*v - v + 42 = -3*u, -34 = 4*u - 2*v. What is the units digit of 12/u*(-160)/24?
8
Suppose -6*g + 2*g + 16 = 0. Suppose g*p - 7 = -3. What is the units digit of p?
1
What is the tens digit of ((-21)/14)/(3/(-94))?
4
Let k(d) = 3*d**2 - 2 - 2*d**2 + 7 - 2*d**2. What is the units digit of k(0)?
5
Suppose -4*m - m = 3*x - 477, 4*m = 5*x + 352. Suppose -p - 2*p + m = 0. What is the tens digit of p?
3
Suppose 3*f - 2*x + 6*x - 1 = 0, 0 = 4*f - 4*x - 48. Suppose f*w - 2*w = 40. What is the units digit of w?
8
Suppose -57 = -2*k - k. Let u be k/4 + 3/12. Suppose 0 = 3*h + u*n + 4, -5 = n - 3. What is the units digit of h?
2
Let u = -4 - -4. Suppose f = -u*f + 2. What is the units digit of f?
2
Suppose -a - k + 0 = -1, 0 = -5*a + 4*k + 32. Suppose 5*w - a*w - 14 = 0. What is the units digit of w?
4
Let v = -23 + 47. What is the units digit of v?
4
Let z = -22 - -39. Suppose u = 3*o + z, u - 5*o - 26 = -9. What is the units digit of u?
7
Suppose 3*g = 4*i + 2, -4*i + g = -1 - 1. What is the units digit of 20/2 + i + 1?
2
Suppose 0 = 3*q + q + 20, 4*q = -l + 174. What is the units digit of l?
4
Let i(q) = 2*q - 21. Let c be 5*(-12)/(-4) - 1. What is the units digit of i(c)?
7
Suppose -z + 9 - 3 = 0. Let k be (-3)/z - (-2)/4. Suppose 3*h = -k*h + 3. What is the units digit of h?
1
Suppose 161 = n + 6*n. What is the units digit of n?
3
Let s(o) = -o**3 - 7*o**2 + 17. Let r be s(-7). Let d = r - 11. What is the units digit of d?
6
Let p = 61 - 42. What is the units digit of p?
9
Let d = 3 - 0. Suppose -3*c + 1 = a, -d*a + 2 - 7 = c. Suppose 2*b + c = 3*s - 1, -4*b + s + 6 = 0. What is the units digit of b?
2
Let m = 65 - 13. What is the tens digit of m?
5
Suppose 0 = -o - 0*o - 3*r + 8, 5*r = -5. Suppose y = h - 3*y - o, 5*y = -2*h + 9. What is the units digit of h?
7
Let q(a) = -2*a**2 + 7*a - 3. Let i be q(5). Let l = -10 - i. What is the units digit of l?
8
Let v = 6 - 9. Let n = 5 + v. What is the units digit of n?
2
Suppose -5*y + 45 = 5*n, -4*n = -3*y - n + 21. Let w(v) = -6 + 7*v - 23*v + v**2 + 0*v**2 + 9*v. What is the units digit of w(y)?
2
Suppose 2*w - 4 = -j, 2*w + 8 = j + 4*j. Suppose -2*b + 4 + j = 0. Suppose k + b = 10. What is the units digit of k?
7
Let r be (-8)/14 - 126/(-49). Suppose r*p - b = 17, -2*p + b + 41 = 3*p. What is the units digit of p?
8
Let i(z) be the third derivative of -z**6/120 + 2*z**5/15 + 13*z**4/24 - 7*z**2. What is the tens digit of i(9)?
3
Let z = 9 + -3. Let g(a) = -a**2 + 7*a + 3. Let w be g(6). Suppose 3*j = -3 + w, z = 3*v - 3*j. What is the units digit of v?
4
Let m(v) = -3 + 16*v + 0 + 0 + 3*v. What is the units digit of m(2)?
5
Let y(i) = 3*i**2 + 4. What is the units digit of y(-4)?
2
Let s = -68 + 111. What is the units digit of s?
3
Let g(c) = c**3 - 12. Let r be g(0). Suppose -95 = 4*h + h. Let q = r - h. What is the units digit of q?
7
Suppose 0 = -r + 3 + 4. What is the units digit of r?
7
Let v(q) = 1. Let n(z) = z + 8. Let x(p) = -n(p) + 4*v(p). What is the units digit of x(-7)?
3
Let h(d) = -2*d. Let o be (-1 + -1)*1/(-1). Suppose o*f + 6 = -f. What is the units digit of h(f)?
4
Suppose -12 = -2*o - 0. Let f be (o - 6) + 2/1. Suppose 40 = f*p + 2*p. What is the units digit of p?
0
Suppose -2*y + 3 + 1 = 2*t, -4*t = -5*y - 8. Suppose 14 = 5*s - 4*z, -5*z + t = 5*s - 3. Suppose -2*n = s*n - 28. What is the units digit of n?
7
Let v(k) = k - 1. Let x = -2 - -4. Let b be v(x). What is the units digit of -1 + 2/b*1?
1
Suppose -4*i + 2*i - 26 = 0. Let o = 8 - i. What is the tens digit of o?
2
Suppose -4*v - 3*g + 20 = -6*g, -3*g - 22 = -5*v. Suppose 0*a - 6 = -v*a. What is the units digit of a?
3
What is the tens digit of 17 - (-2 + 3)*-4?
2
Suppose 4*p - 2 = 2*g, g - 5*p + 9 = 2. Suppose -g*x - 12 = -4*x. What is the units digit of x?
2
Suppose 30 = k - 15. What is the tens digit of k?
4
Let i(d) be the second derivative of -d**3/6 + 6*d**2 - d. What is the units digit of i(8)?
4
Let z = 0 - -13. Let j = z - 8. What is the units digit of j?
5
Suppose 4*m - 18 = -6, 12 = 5*u - m. Suppose 2*g + u*y = 5 + 1, -3*y = 12. What is the units digit of g?
9
Suppose -3*j - w - 12 = 0, -20 = 5*j + 7*w - 3*w. Let x = 8 + 3. Let l = j + x. What is the units digit of l?
7
Let x(h) be the second derivative of 17*h**4/12 - h**3/6 + h**2/2 - 3*h. Let t be x(1). Suppose 6 = 2*y + 4, 4*i - 3*y - t = 0. What is the units digit of i?
5
Suppose 3*j + 675 = 3*a + 2*a, -2*j = 0. What is the units digit of a?
5
Suppose 9 - 1 = -2*j. Let z(u) = -10*u - 10. What is the units digit of z(j)?
0
Let j be 4*(3/2)/(-3). Let h be (-4)/(0 - j/(-4)). Suppose h*a - 3*a - 10 = 0. What is the units digit of a?
2
Suppose 2*g = -2*g - 8. What is the tens digit of 6/g - 9*-2?
1
Let q(t) = t**2 - 17*t + 32. Let r be q(15). Let z(n) be the second derivative of 3*n**3/2 + n**2/2 - n. What is the tens digit of z(r)?
1
Let y be 1/(3/(-72)) + 2. Let c(z) = z**3 - 5*z**2 - 5. Let l be c(6). Let o = y + l. What is the units digit of o?
9
Let v = 95 - 47. What is the tens digit of v?
4
Let x(r) = 3*r**2 - 1. Let y be x(-1). Suppose -12 = -y*u - 4. Suppose -5*v - 3*t = -34 - 24, -v - u*t = 2. What is the units digit of v?
4
Let y = 141 + -73. What is the units digit of y?
8
Let d(o) = -o**3 - 3*o**2 - 2*o - 2. What is the units digit of d(-4)?
2
Let a = -13 + 2. Let i = a - -18. What is the units digit of i?
7
Let v(u) = u**2 - 6*u - 12. Let q be v(9). Suppose -q = 4*g - 9*g. What is the units digit of g?
3
Let h = -3 + 7. Suppose -t + 2*s - 1 = 0, 4*s + 4 = h*t - 12. What is the units digit of t?
9
Let h be -2*(2/(-4) + 0). Suppose -2*n - 11 = -g + 2*g, -g - 2 = -n. Let k = h - n. What is the units digit of k?
4
Suppose 5*w - d = 8, -d = -0 - 2. Suppose -w*z = 2*z. Suppose 3*v + z = 24. What is the units digit of v?
8
Let s = -43 - -78. What is the units digit of (-6)/8 + s/4?
8
Let w = -8 + -1. Let f be (0 + w)/((-15)/20). Suppose 2*z = -4 + f. What is the units digit of z?
4
Suppose 14 - 59 = -3*d. What is the units digit of d?
5
Suppose 0 = -v - 2 - 0, -4*v + 24 = -2*u. Let b be (-46)/(-10)*(1 + 4). Let q = b + u. What is the units digit of q?
7
Let g(n) = n**2 - 5*n + 6. Let q(w) = w + 2. Let y be q(6). What is the tens digit of g(y)?
3
Let r = -69 - -104. What is the units digit of r?
5
Suppose 3*a = -2*a + 315. What is the tens digit of a?
6
Let a(j) = j + 6. Let v be a(9). Let g = v - 9. Let w = 18 - g. What is the units digit of w?
2
Let z(b) = -59*b - 11. What is the units digit of z(-2)?
7
Suppose 5*s - 303 = 117. What is the tens digit of s?
8
Suppose q + 1 + 0 = 0. What is the tens digit of q*(-34)/2*1?
1
Suppose 3*